What is the greatest common factor of 1 and 70?
1
What is the greatest common factor of 140 and 780?
20
What is the highest common factor of 13 and 91?
13
Calculate the highest common divisor of 25721 and 17.
17
What is the highest common divisor of 322 and 812?
14
What is the highest common divisor of 77 and 11?
11
Calculate the highest common factor of 261 and 319.
29
Calculate the greatest common divisor of 855 and 45.
45
Calculate the highest common divisor of 221 and 20332.
221
What is the highest common divisor of 29 and 37004?
29
Calculate the greatest common divisor of 18 and 552.
6
Calculate the greatest common divisor of 39 and 2301.
39
Calculate the greatest common divisor of 64 and 736.
32
Calculate the greatest common divisor of 4 and 84.
4
What is the greatest common divisor of 35 and 56?
7
Calculate the highest common factor of 4940 and 19.
19
Calculate the greatest common divisor of 81 and 108.
27
What is the greatest common factor of 480 and 4736?
32
What is the greatest common factor of 656 and 480?
16
What is the greatest common factor of 12 and 5772?
12
What is the greatest common divisor of 33 and 96?
3
What is the highest common factor of 1 and 5?
1
What is the greatest common factor of 275 and 25?
25
Calculate the greatest common factor of 375 and 15.
15
Calculate the greatest common factor of 22 and 1782.
22
What is the greatest common divisor of 10 and 250?
10
What is the highest common factor of 13347 and 36?
9
Calculate the highest common factor of 69 and 33327.
69
What is the highest common factor of 16 and 1168?
16
Calculate the greatest common factor of 96 and 4104.
24
What is the highest common factor of 50 and 320?
10
Calculate the highest common divisor of 40 and 15.
5
What is the highest common divisor of 568 and 639?
71
Calculate the highest common divisor of 114 and 1178.
38
Calculate the greatest common divisor of 103 and 32033.
103
What is the greatest common divisor of 2072 and 74?
74
What is the greatest common divisor of 12 and 402?
6
What is the highest common factor of 700 and 28?
28
Calculate the greatest common divisor of 516 and 36.
12
What is the greatest common factor of 192 and 12?
12
Calculate the greatest common divisor of 432 and 81.
27
Calculate the highest common divisor of 84 and 2205.
21
What is the highest common divisor of 26873 and 11?
11
Calculate the greatest common divisor of 10 and 25.
5
Calculate the greatest common factor of 555 and 333.
111
What is the greatest common factor of 33 and 102?
3
Calculate the greatest common divisor of 14 and 490.
14
What is the greatest common divisor of 182 and 26?
26
Calculate the greatest common factor of 9 and 33.
3
Calculate the highest common divisor of 34 and 1020.
34
What is the greatest common divisor of 6032 and 1456?
208
What is the greatest common divisor of 2 and 250?
2
What is the highest common divisor of 9 and 64?
1
Calculate the greatest common factor of 12 and 35664.
12
Calculate the greatest common factor of 504 and 104.
8
Calculate the highest common divisor of 22 and 209.
11
What is the greatest common divisor of 7452 and 552?
276
What is the highest common divisor of 10714 and 22?
22
What is the highest common divisor of 65 and 351?
13
What is the greatest common factor of 17 and 59551?
17
What is the highest common factor of 253 and 33?
11
What is the greatest common factor of 544 and 592?
16
What is the highest common divisor of 99 and 216?
9
What is the highest common factor of 396 and 10956?
132
What is the greatest common factor of 70 and 28?
14
What is the highest common divisor of 1965 and 285?
15
Calculate the highest common divisor of 6 and 6.
6
Calculate the highest common divisor of 22 and 638.
22
What is the highest common divisor of 379 and 2?
1
Calculate the highest common factor of 84 and 36.
12
What is the highest common divisor of 550 and 50?
50
What is the highest common divisor of 34 and 1?
1
Calculate the highest common divisor of 44 and 25861.
11
What is the highest common factor of 80 and 20?
20
Calculate the greatest common divisor of 6 and 45222.
6
What is the greatest common factor of 1976 and 88?
8
What is the greatest common factor of 460 and 10672?
92
Calculate the greatest common factor of 20652 and 12.
12
Calculate the highest common factor of 186 and 9.
3
What is the greatest common factor of 24 and 909?
3
What is the highest common factor of 207 and 759?
69
What is the greatest common divisor of 113486 and 358?
358
What is the highest common divisor of 3429 and 27?
27
What is the greatest common divisor of 3523 and 39?
13
Calculate the highest common divisor of 5057 and 13.
13
What is the greatest common divisor of 55 and 15?
5
Calculate the highest common factor of 171 and 665.
19
Calculate the greatest common divisor of 13 and 767.
13
What is the highest common divisor of 192 and 72?
24
Calculate the greatest common divisor of 1 and 59.
1
Calculate the greatest common factor of 2 and 150.
2
Calculate the greatest common divisor of 2743 and 633.
211
Calculate the highest common divisor of 55 and 143.
11
Calculate the highest common factor of 30 and 1460.
10
Calculate the greatest common divisor of 22 and 4037.
11
Calculate the highest common divisor of 13686 and 12.
6
Calculate the greatest common divisor of 3 and 16.
1
Calculate the highest common factor of 50 and 1090.
10
What is the highest common factor of 108 and 228?
12
Calculate the highest common factor of 1998 and 1036.
74
Calculate the greatest common divisor of 1900 and 500.
100
What is the greatest common factor of 32 and 31072?
32
Calculate the highest common factor of 152 and 532.
76
Calculate the highest common divisor of 30 and 18.
6
What is the highest common divisor of 590 and 20?
10
What is the highest common divisor of 1040 and 128?
16
Calculate the greatest common divisor of 949 and 39.
13
What is the highest common factor of 31 and 2?
1
Calculate the highest common factor of 18 and 126.
18
What is the highest common factor of 65 and 1781?
13
What is the highest common divisor of 512 and 8?
8
What is the highest common divisor of 1536 and 12?
12
Calculate the greatest common factor of 90 and 530.
10
What is the highest common factor of 154 and 39424?
154
Calculate the greatest common factor of 67 and 268.
67
What is the highest common factor of 24 and 16?
8
Calculate the greatest common divisor of 1775 and 142.
71
Calculate the greatest common divisor of 49 and 196.
49
Calculate the highest common divisor of 257 and 7.
1
Calculate the greatest common divisor of 10 and 320.
10
Calculate the highest common divisor of 1513 and 68.
17
What is the highest common divisor of 990 and 860?
10
Calculate the highest common divisor of 51 and 187.
17
What is the highest common factor of 5 and 545?
5
What is the highest common divisor of 98 and 49?
49
What is the greatest common factor of 2125 and 75?
25
What is the greatest common divisor of 105 and 67935?
105
What is the highest common factor of 352 and 25432?
88
What is the highest common divisor of 3294 and 108?
54
Calculate the greatest common factor of 4140 and 207.
207
Calculate the highest common divisor of 90 and 1410.
30
What is the highest common divisor of 17 and 1717?
17
What is the greatest common divisor of 2299 and 484?
121
Calculate the highest common factor of 51 and 136.
17
What is the highest common divisor of 195 and 15?
15
Calculate the highest common divisor of 2850 and 152.
38
What is the highest common factor of 34 and 8?
2
What is the greatest common divisor of 301 and 28?
7
What is the greatest common divisor of 2 and 128?
2
Calculate the highest common divisor of 35 and 112.
7
What is the greatest common divisor of 33 and 143?
11
Calculate the greatest common factor of 140 and 84.
28
Calculate the highest common divisor of 99 and 132.
33
What is the greatest common divisor of 384 and 216?
24
Calculate the highest common divisor of 2951 and 681.
227
Calculate the highest common factor of 2233 and 1232.
77
Calculate the highest common divisor of 252 and 90.
18
Calculate the greatest common factor of 252 and 2044.
28
What is the greatest common factor of 56 and 14?
14
Calculate the highest common divisor of 42 and 273.
21
What is the highest common divisor o